t is the thousands digit of 49548?
9
What is the thousands digit of 13836?
3
What is the thousands digit of 34002?
4
What is the units digit of 2569?
9
What is the thousands digit of 35276?
5
What is the thousands digit of 2337?
2
What is the hundreds digit of 33296?
2
What is the units digit of 446?
6
What is the units digit of 4011?
1
What is the thousands digit of 2869?
2
What is the tens digit of 4393?
9
What is the units digit of 70154?
4
What is the tens digit of 110556?
5
What is the units digit of 11395?
5
What is the thousands digit of 6353?
6
What is the tens digit of 26092?
9
What is the hundreds digit of 2863?
8
What is the hundreds digit of 9224?
2
What is the hundreds digit of 13906?
9
What is the units digit of 7025?
5
What is the hundreds digit of 337?
3
What is the hundreds digit of 13694?
6
What is the units digit of 507?
7
What is the tens digit of 39339?
3
What is the thousands digit of 4033?
4
What is the thousands digit of 1309?
1
What is the thousands digit of 10720?
0
What is the hundreds digit of 914?
9
What is the units digit of 8740?
0
What is the tens digit of 4637?
3
What is the thousands digit of 7385?
7
What is the ten thousands digit of 23335?
2
What is the units digit of 9712?
2
What is the units digit of 20230?
0
What is the hundreds digit of 395?
3
What is the tens digit of 1935?
3
What is the hundreds digit of 1058?
0
What is the hundreds digit of 44218?
2
What is the tens digit of 134161?
6
What is the thousands digit of 24528?
4
What is the hundreds digit of 12660?
6
What is the units digit of 141?
1
What is the units digit of 173?
3
What is the hundreds digit of 22649?
6
What is the ten thousands digit of 34078?
3
What is the tens digit of 474?
7
What is the hundreds digit of 1180?
1
What is the tens digit of 249?
4
What is the tens digit of 211?
1
What is the tens digit of 308?
0
What is the tens digit of 457?
5
What is the thousands digit of 141577?
1
What is the hundreds digit of 43103?
1
What is the hundreds digit of 76665?
6
What is the thousands digit of 1689?
1
What is the thousands digit of 3076?
3
What is the tens digit of 2458?
5
What is the ten thousands digit of 33309?
3
What is the hundreds digit of 24311?
3
What is the units digit of 210?
0
What is the units digit of 2156?
6
What is the hundreds digit of 191?
1
What is the tens digit of 3218?
1
What is the units digit of 2609?
9
What is the tens digit of 409?
0
What is the units digit of 790?
0
What is the tens digit of 1896?
9
What is the tens digit of 18335?
3
What is the units digit of 1461?
1
What is the units digit of 20123?
3
What is the thousands digit of 20709?
0
What is the thousands digit of 8952?
8
What is the hundreds digit of 27849?
8
What is the tens digit of 1756?
5
What is the hundreds digit of 1185?
1
What is the units digit of 22182?
2
What is the hundreds digit of 893?
8
What is the hundreds digit of 10109?
1
What is the tens digit of 2359?
5
What is the units digit of 5149?
9
What is the hundreds digit of 8776?
7
What is the hundreds digit of 112949?
9
What is the units digit of 3018?
8
What is the hundreds digit of 340?
3
What is the tens digit of 633?
3
What is the tens digit of 858?
5
What is the units digit of 17510?
0
What is the units digit of 290?
0
What is the tens digit of 715?
1
What is the units digit of 33037?
7
What is the hundreds digit of 936?
9
What is the units digit of 46743?
3
What is the hundreds digit of 11159?
1
What is the hundreds digit of 18275?
2
What is the hundreds digit of 2986?
9
What is the ten thousands digit of 13952?
1
What is the units digit of 18173?
3
What is the thousands digit of 23114?
3
What is the hundreds digit of 3508?
5
What is the thousands digit of 1548?
1
What is the units digit of 2259?
9
What is the thousands digit of 6741?
6
What is the thousands digit of 2461?
2
What is the units digit of 3723?
3
What is the thousands digit of 8034?
8
What is the units digit of 2645?
5
What is the thousands digit of 4680?
4
What is the thousands digit of 1068?
1
What is the thousands digit of 16981?
6
What is the units digit of 34659?
9
What is the ten thousands digit of 44842?
4
What is the units digit of 750?
0
What is the tens digit of 7404?
0
What is the units digit of 415?
5
What is the units digit of 4114?
4
What is the hundreds digit of 821?
8
What is the ten thousands digit of 56145?
5
What is the hundreds digit of 4994?
9
What is the units digit of 17951?
1
What is the units digit of 2428?
8
What is the thousands digit of 3759?
3
What is the tens digit of 26683?
8
What is the tens digit of 885?
8
What is the thousands digit of 8000?
8
What is the hundreds digit of 14815?
8
What is the hundreds digit of 3010?
0
What is the hundreds digit of 2065?
0
What is the tens digit of 20?
2
What is the hundreds digit of 44282?
2
What is the units digit of 15465?
5
What is the tens digit of 149?
4
What is the tens digit of 389?
8
What is the hundreds digit of 3992?
9
What is the units digit of 6564?
4
What is the units digit of 4947?
7
What is the hundreds digit of 11044?
0
What is the tens digit of 875?
7
What is the thousands digit of 14707?
4
What is the tens digit of 1391?
9
What is the tens digit of 37569?
6
What is the units digit of 3373?
3
What is the thousands digit of 51988?
1
What is the units digit of 92161?
1
What is the tens digit of 17052?
5
What is the units digit of 110643?
3
What is the units digit of 46115?
5
What is the hundreds digit of 149843?
8
What is the units digit of 4878?
8
What is the units digit of 9958?
8
What is the hundreds digit of 37739?
7
What is the units digit of 89615?
5
What is the ten thousands digit of 101173?
0
What is the hundreds digit of 42127?
1
What is the tens digit of 76655?
5
What is the tens digit of 23801?
0
What is the thousands digit of 1309?
1
What is the units digit of 75740?
0
What is the units digit of 85893?
3
What is the units digit of 1366?
6
What is the units digit of 498?
8
What is the ten thousands digit of 23507?
2
What is the units digit of 1029?
9
What is the tens digit of 11441?
4
What is the ten thousands digit of 12705?
1
What is the tens digit of 4485?
8
What is the units digit of 83?
3
What is the ten thousands digit of 25203?
2
What is the thousands digit of 6208?
6
What is the units digit of 7245?
5
What is the thousands digit of 2793?
2
What is the hundreds digit of 19469?
4
What is the units digit of 55533?
3
What is the hundreds digit of 3657?
6
What is the ten thousands digit of 47822?
4
What is the hundreds digit of 18694?
6
What is the tens digit of 3040?
4
What is the tens digit of 353?
5
What is the tens digit of 47268?
6
What is the hundreds digit of 879?
8
What is the tens digit of 710?
1
What is the ten thousands digit of 35798?
3
What is the units digit of 4494?
4
What is the tens digit of 8534?
3
What is the units digit of 2506?
6
What is the thousands digit of 15945?
5
What is the hundreds digit of 8837?
8
What is the tens digit of 126319?
1
What is the tens digit of 2548?
4
What is the units digit of 945?
5
What is the units digit of 1640?
0
What is the thousands digit of 2058?
2
What is the hundreds digit of 4081?
0
What is the tens digit of 7272?
7
What is the units digit of 3062?
2
What is the tens digit of 6614?
1
What is the ten thousands digit of 29871?
2
What is the thousands digit of 2352?
2
What is the tens digit of 30169?
6
What is the ten thousands digit of 10243?
1
What is the units digit of 13854?
4
What is the tens digit of 496?
9
What is the tens digit of 4585?
8
What is the thousands digit of 27324?
7
What is the tens digit of 7992?
9
What is the units digit of 83467?
7
What is the tens digit of 560?
6
What is the thousands digit of 9722?
9
What is the tens digit of 3565?
6
What is the units digit of 44596?
6
What is the tens digit of 21769?
6
What is the tens digit of 1724?
2
What is the units digit of 7423?
3
What is the ten thousands digit of 14826?
1
What is the ten thousands digit of 12188?
1
What is the ten thousands digit of 31736?
3
What is the thousands digit of 40971?
0
What is the tens digit of 2859?
5
What is the units digit of 1006?
6
What is the thousands digit of 7950?
7
What is the thousands digit of 4410?
4
What is the tens digit of 35505?
0
What is the hundreds dig